1.
739a0
Convert 360769 (base 12) to base 7.
10261164
217703 (base 10) to base 7
1564463
Convert -bd93 (base 16) to base 14.
-13987
Convert 1a9d5 (base 15) to base 3.
11101210102
514051 (base 8) to base 7
1305462
What is -128688 (base 9) in base 8?
-231351
Convert -121010101 (base 4) to base 5.
-11241143
Convert 87562 (base 11) to base 2.
11111000010001110
Convert 45040114 (base 6) to base 5.
321431004
What is 11421022 (base 5) in base 13?
39cba
10334334113 (base 5) to base 11
6391450
What is -684838 (base 12) in base 3?
-10010200200022
11011101110 (base 3) to base 13
2b3a4
What is -225054 (base 8) in base 5?
-4420312
-254596 (base 11) to base 7
-3261043
What is -10101100000110010011 (base 2) in base 10?
-704915
What is 2210011222202 (base 3) in base 7?
15402320
-2202220101 (base 3) to base 15
-112a4
What is 7d741 (base 15) in base 9?
668477
2059860 (base 10) to base 3
10212122121010
-1001001011111011100 (base 2) to base 13
-a7025
544da (base 15) to base 6
5423254
What is 33131032 (base 5) in base 9?
475763
Convert -1122012020111 (base 3) to base 8.
-3242760
What is 155ac (base 13) in base 8?
117125
What is 8b9354 (base 14) in base 3?
22221100111102
Convert -2087141 (base 11) to base 16.
-37fee5
What is -2000120210202 (base 3) in base 16?
-1064e4
-112033121 (base 4) to base 8
-261731
-3a779 (base 11) to base 14
-172aa
What is ab429 (base 16) in base 15?
dcca6
Convert -10000001110111010011011 (base 2) to base 7.
-51112243
Convert -15b5e (base 16) to base 12.
-43566
36860 (base 13) to base 5
11202140
What is 3322122101 (base 4) in base 13?
29bb17
What is 1010101111001011111111 (base 2) in base 8?
12571377
Convert -211203012212 (base 4) to base 10.
-9843110
1c2074 (base 13) to base 7
6051536
Convert 10110020100202 (base 3) to base 12.
746018
25069b (base 15) to base 16
1b0f3b
-3110221013 (base 4) to base 3
-1122020202122
Convert -c99da (base 16) to base 12.
-339aa2
1121101320 (base 4) to base 16
59478
Convert 346748 (base 10) to base 13.
c1a9c
Convert 333030133 (base 5) to base 14.
29c399
What is 1020311413 (base 5) in base 12?
862760
What is -111100222101211 (base 3) in base 4?
-123012221212
Convert 1220000002 (base 3) to base 12.
19625
23148 (base 14) to base 10
85324
What is -43631700 (base 8) in base 5?
-4400304041
-130313020321 (base 4) to base 11
-42a83a4
213001 (base 5) to base 7
30066
What is aaa13 (base 14) in base 12?
17b409
Convert 7ca7b (base 15) to base 9.
664818
Convert 1333632 (base 7) to base 12.
86263
What is -462c1a (base 13) in base 8?
-6260007
What is -23054b (base 12) in base 13?
-168260
-2200120021 (base 4) to base 5
-132010110
332505205 (base 6) to base 2
10110111011110001100101
355044511 (base 6) to base 16
65e61b
Convert -2b8c26a (base 13) to base 3.
-222022220221200
1016030 (base 9) to base 16
846c3
Convert -201211111 (base 6) to base 2.
-1101000011101100010011
Convert 19c7e5 (base 15) to base 7.
13454366
121110021112 (base 3) to base 5
40331004
What is 4144998 (base 11) in base 5?
3332444004
2100322111 (base 4) to base 5
122443212
3442031 (base 5) to base 13
22391
17331 (base 10) to base 11
12026
100010110101111010101 (base 2) to base 7
12463423
What is 220288 (base 9) in base 13?
47ab6
13033333330 (base 4) to base 5
441304130
What is 28979b (base 12) in base 3?
1021120002202
Convert -4550124 (base 6) to base 5.
-24411121
21211112 (base 4) to base 14
1043c
Convert 1033312 (base 4) to base 8.
11766
225350553 (base 6) to base 2
1111111101000110000101
What is 36404253 (base 7) in base 5?
1312322014
101011311 (base 4) to base 5
4220010
Convert 10640061 (base 8) to base 7.
25431154
Convert -101550244 (base 6) to base 10.
-1771732
Convert -288b1b (base 12) to base 13.
-1aa086
What is -2552897 (base 10) in base 3?
-11210200220202
955102 (base 10) to base 5
221030402
Convert -111222112 (base 3) to base 15.
-3048
Convert -2cbd02 (base 14) to base 11.
-982104
What is -1c4d5 (base 14) in base 11?
-4a371
What is c16a36 (base 13) in base 4?
101022120302
Convert 9a01b (base 13) to base 6.
5551511
Convert 11000310203 (base 4) to base 16.
140d23
-101100100111110001 (base 2) to base 11
-115354
22100100 (base 4) to base 13
1616a
What is 31241430 (base 6) in base 16?
dd93a
What is 18b1228 (base 13) in base 12?
2873659
4676517 (base 8) to base 12
5171a7
Convert 2904707 (base 10) to base 16.
2c5283
Convert 11100001000110100101 (base 2) to base 13.
263899
Convert 1a15c6 (base 14) to base 16.
e20ba
4024515 (base 6) to base 10
190271
530ed4 (base 15) to base 12
13a7117
What is 68a93 (base 16) in base 4?
1220222103
Convert -110100011000111010100 (base 2) to base 5.
-414413232
137262 (base 11) to base 9
356335
What is 22020000020210 (base 3) in base 8?
20526621
Convert 234765 (base 8) to base 6.
1420033
What is 434312340 (base 5) in base 2?
111001000011110011000
Convert 24031204 (base 5) to base 2.
110101111010000100
What is -1b472 (base 14) in base 11?
-48228
-57783 (base 11) to base 4
-110120010
-14351312 (base 6) to base 8
-1712074
Convert -2411313 (base 5) to base 4.
-22320213
Convert -16ddd1 (base 15) to base 3.
-2002101210121
Convert -f96a43 (base 16) to base 9.
-33673032
What is -11011100001101111111 (base 2) in base 11?
-566774
What is 264410 (base 8) in base 2?
10110100100001000
What is 1732b5 (base 12) in base 6?
12321545
Convert -1221100221020 (base 3) to base 9.
-1840836
Convert 5b25 (base 16) to base 7.
125012
Convert 682723 (base 10) to base 3.
1021200112001
Convert -2130001221 (base 4) to base 12.
-269a09
-11001011000010001101010 (base 2) to base 12
-228a176
Convert -9489 (base 11) to base 8.
-30420
What is 202241 (base 6) in base 16?
3ed1
-21a9b2 (base 12) to base 10
-537110
902701 (base 12) to base 5
1033301303
1a1343 (base 15) to base 9
2344670
3311212330 (base 4) to base 16
f59bc
-184b303 (base 13) to base 5
-4012423244
What is 31344003 (base 6) in base 2?
11011111100110000011
What is 38b77 (base 12) in base 8?
227613
What is -1300432 (base 7) in base 5?
-20341124
What is -185e4a (base 16) in base 9?
-3003606
Convert 1401b2 (base 12) to base 11.
207528
What is -10270547 (base 8) in base 16?
-217167
-658921 (base 11) to base 10
-1051271
What is -3114a6b (base 12) in base 16?
-8cedf3
Convert 5c8a35 (base 13) to base 2.
1000011101101000001011
Convert -11aab97 (base 13) to base 4.
-111000221101
Convert 12011102000 (base 3) to base 15.
201a3
What is -27722 (base 14) in base 10?
-97442
131062 (base 8) to base 4
23020302
Convert -252144 (base 9) to base 6.
-3133534
Convert -8633073 (base 9) to base 12.
-1672126
What is -57ab4 (base 13) in base 11?
-aa254
Convert 18f08 (base 16) to base 11.
6a826
Convert 2211312012 (base 4) to base 8.
2456606
Convert 7286058 (base 9) to base 12.
137a138
Convert -335565 (base 7) to base 11.
-40890
What is 2011210211000 (base 3) in base 10?
1157517
Convert -446ded (base 15) to base 8.
-14345646
What is 102120201111101 (base 3) in base 15?
818bdd
Convert -263470 (base 8) to base 9.
-150127
What is 1555042 (base 6) in base 15?
1c8d2
What is 178bb (base 14) in base 3?
10000102102
-10302 (base 11) to base 9
-22523
1422505 (base 7) to base 2
101110100010010111
10000020121 (base 3) to base 5
3343402
Convert -c18b95 (base 13) to base 9.
-8423737
What is 8b6b61 (base 12) in base 8?
10404771
Convert -12696 (base 13) to base 14.
-c5d2
Convert -2084283 (base 10) to base 2.
-111111100110110111011
43212 (base 6) to base 15
1b42
-2236501 (base 7) to base 9
-463824
-14111244 (base 5) to base 6
-3033154
-172ca5 (base 15) to base 16
-11241b
What is -9b0b58 (base 13) in base 12?
-12848b8
What is 1333321132 (base 4) in base 11?
328656
2121201022 (base 3) to base 5
3122201
25080201 (base 9) to base 11
6a24a93
3a4018 (base 14) to base 4
13222120312
2440332 (base 5) to base 9
70511
1214106 (base 8) to base 3
121222000110
What is -1001100111010110011 (base 2) in base 12?
-1323ab
What is -111002211202 (base 3) in base 6?
-5310115
-2ecd1 (base 15) to base 9
-250607
-c97c5 (base 13) to base 11
-229402
Convert -24f9c3 (base 16) to base 2.
-1001001111100111000011
What is 10111011110010110 (base 2) in base 6?
2021050
What is 101001100110100011 (base 2) in base 4?
221212203
-376552 (base 10) to base 2
-1011011111011101000
What is 101200332310 (base 4) in base 16?
460fb4
100100001011110110 (base 2) to base 4
210023312
What is 17